 u. What is the remainder when 9/(-27) - 104/d is divided by 5?
2
Let n = 2377 + -2330. Let v(l) = 0*l - 3*l + 5 + 2*l + l**2. Calculate the remainder when n is divided by v(5).
22
Let p be -2 - 1 - (-8)/(-16)*-426. Suppose -5*a + 0*a = -p. Calculate the remainder when a is divided by 23.
19
Let j(c) = 2*c - c**2 + c**3 - 4*c**2 - 4 + 0*c + 3*c**2. Let h(q) = q - 2. Let z be h(5). Calculate the remainder when 42 is divided by j(z).
9
Let j(p) = 35*p + 105. What is the remainder when j(0) is divided by 47?
11
Calculate the remainder when 32/(-16) - (-448)/(-1 - -5) is divided by 54.
2
Let s be 3/(-4) + (-330)/(-88). Suppose -16 - 110 = -s*g. Calculate the remainder when g is divided by 22.
20
Let j(w) = -w**2 + 5*w + 4. Let m be j(5). Let b = 19 - m. Suppose 10*p + 54 = 16*p. What is the remainder when b is divided by p?
6
Suppose -3*x + 5*x - 310 = -4*c, 4*x + 394 = 5*c. Calculate the remainder when 85 is divided by c.
7
Calculate the remainder when 98/28*214/7 is divided by 30.
17
Suppose -2*l = 3*c - 52, -7 = 3*c - l - 53. Calculate the remainder when 1*49 - (14 - (-1 - -13)) is divided by c.
15
Suppose 0 = 2*l + k - 42, 3*l - 7*l - 5*k + 78 = 0. Calculate the remainder when 35 is divided by l.
13
Suppose 25 = -16*c + 21*c. What is the remainder when 83 is divided by c?
3
Let z = -79 + 155. Let x = -33 + z. What is the remainder when x is divided by 10?
3
Let t(w) = w**3 - 11*w**2 + 11*w + 12. What is the remainder when 102 is divided by t(10)?
14
Let t(j) = -j**2 - 17*j + 12. What is the remainder when 446 is divided by t(-13)?
62
Suppose 4*v + 5*p - 47 - 17 = 0, -v - 5*p + 1 = 0. Suppose -n + v = -1. Calculate the remainder when 3/(n/(-23) + 1) is divided by 12.
9
Let w = 1 - -15. Let d(b) = 7*b**3 - 2*b**2 - 2*b. Let c be d(-1). Calculate the remainder when 121/2 - c/14 is divided by w.
13
Let l(m) = m**2 - 4*m + 2. Let o be l(4). Let x = -71 - -150. Calculate the remainder when x/2 + o/4 is divided by 21.
19
Suppose -6*o = -186 - 174. Suppose -6*f + f + o = 0. Suppose 13*t - 16*t = -135. What is the remainder when t is divided by f?
9
Suppose -40 = -5*c + 3*z, -z + 5 = 5*c - 15. Let n(v) = -10 - 3*v + 9*v - 2*v. Calculate the remainder when n(c) is divided by 4.
2
Suppose 0 = -a + 4, -3*s - 4*a = -141 - 49. Suppose 4*j - s = 210. What is the remainder when j is divided by 23?
21
Let x(r) = 4*r - 12. Let t = 106 + -43. What is the remainder when t is divided by x(11)?
31
Let b(y) = 4*y**2 + 5*y + 1. Let n(d) = -3*d**2 - 4*d. Let z(a) = -2*b(a) - 3*n(a). Calculate the remainder when 22 is divided by z(3).
9
Suppose -26*y + 15 = -21*y. Let t(o) = -1. Let q(h) = -h + 1. Let n(p) = -q(p) - t(p). Calculate the remainder when n(5) is divided by y.
2
Suppose -27 = -197*r + 194*r. What is the remainder when 9 is divided by r?
0
Let k = 52 - 36. Let y(g) = 3*g**2 - 3. What is the remainder when k is divided by y(2)?
7
Let x = 19 - 24. Suppose -r = u + 2*u - 229, -u - 3*r + 87 = 0. Calculate the remainder when u is divided by (-1)/(-2*x/(-190)).
18
Suppose -81 = -8*j - 9. Calculate the remainder when 37 is divided by j.
1
Let d = 166 + -119. Let p = d + -12. Suppose 3*x - 33 - 3 = 0. Calculate the remainder when p is divided by x.
11
Let y = -1399 + 1730. What is the remainder when y is divided by 11?
1
Let c(p) = 3*p + 4. Suppose -11 = -0*x - 2*x + 3*h, 31 = 5*x - 4*h. What is the remainder when c(5) is divided by x?
5
Suppose -21*w = -24*w + 21. Suppose 3*q - w - 25 = -4*n, -n = 1. Suppose 2*u - 18 - q = 0. What is the remainder when 42 is divided by u?
12
Let j(q) = -q**3 + 7*q**2 - 3*q - 4. Calculate the remainder when ((-1040)/78)/(2/(-6)) is divided by j(6).
12
Let z be 2936/32 + (-3)/4. Let a = -70 + z. What is the remainder when 41 is divided by a?
20
Let x = -1 - 19. Suppose 2*g + 0*g = 60. What is the remainder when g is divided by x*(32/20)/(-4)?
6
Let h = 510 - 442. What is the remainder when h is divided by 46?
22
Suppose 0 = -7*y + 2652 - 636. Calculate the remainder when y is divided by 28.
8
Let c = -8 + 20. Suppose -2 = 4*x + 5*q - 40, 0 = 2*x + 4*q - 22. Suppose -4*w + 79 = x. Calculate the remainder when w is divided by c.
6
Let v(f) = -f**3 - 8*f**2 - 8*f - 5. Let g be v(-7). Suppose -g = -n + 2*w + 67, -4*n + 326 = 2*w. What is the remainder when n is divided by 27?
25
Let l be 70/20*(38 - (2 - 2)). Let o = l + -109. What is the remainder when 143 is divided by o?
23
Let h(w) = 5*w + 3 + 63*w**2 - 24*w**2 + w - 12*w**2 - 12*w**2. Suppose 3*z = -i + 1 - 11, -5*i = z + 22. What is the remainder when h(z) is divided by 18?
15
Let l be (-1)/3 - (-386)/(-3). Let w = l - -234. Suppose w = n + 4*n. What is the remainder when n is divided by 8?
5
Let i(l) = -l**2 + 13*l + 16. Let k be i(18). Let n = k + 103. Suppose 0 = 2*z - n - 59. What is the remainder when z is divided by 16?
12
Suppose 211 = 2*n + 26*v - 23*v, -v = -n + 103. What is the remainder when n is divided by 15?
14
Let k = 157 - 59. Let a = -107 + 132. Suppose -56*m = -57*m + a. What is the remainder when k is divided by m?
23
Let l(n) = 114*n - 292. Let x = 21 - 4. Calculate the remainder when l(3) is divided by x.
16
What is the remainder when 305 is divided by (-10)/(-6)*(-2232)/(-620)?
5
Suppose -5*y = -0*y - 2575. Suppose 12*u = 529 + y. Suppose 0 = 3*b + 5*t - 80, -t = 5*b - 134 - 14. What is the remainder when u is divided by b?
27
Suppose -5*h = -0*h + 3*c - 520, -5*h + 5*c + 560 = 0. What is the remainder when h is divided by 27?
26
Suppose -4*t + 4 = -3*t. Suppose -4 - 20 = t*u - 3*v, 2*u + 2 = 4*v. Let f = u - -16. Calculate the remainder when 27 is divided by f.
6
What is the remainder when 85 is divided by ((-2)/(-4)*-2)/(1/(-10))?
5
Suppose 3*f - 246 = -3*n + 36, -488 = -5*n + 4*f. Suppose -n = -4*r - o, 12 = r + 2*o - 19. Let s = -39 + 84. What is the remainder when s is divided by r?
22
Let h be (0 - (-4)/8)*6. Let l = h + 2. Calculate the remainder when -1*(3 + -13 + 2) is divided by l.
3
Suppose 3*k = 11 + 7. Let f(a) = 2*a. Calculate the remainder when f(k) is divided by 2.
0
Let x = 77 + 30. Let o = -774 - -785. Calculate the remainder when x is divided by o.
8
Suppose 3*h + 108 - 580 = 4*m, -2*m - 2*h - 236 = 0. Let d = -65 - m. Let f(y) = 4*y - 2. Calculate the remainder when d is divided by f(5).
17
Let b be (-2502)/120*-4 - (-4)/(-10). Let y = b + -69. Calculate the remainder when 26 is divided by y.
12
Let c = 231 + -224. Calculate the remainder when 53 is divided by c.
4
Let k = -28 + 36. Suppose -k = -v + 29. Let q(n) = -n**3 + 6*n**2 - 3*n. Calculate the remainder when v is divided by q(4).
17
Suppose -4*x + 64 = -164. Suppose w - 13 = -2*g + g, -w - x = -4*g. Calculate the remainder when 50 is divided by g.
8
Calculate the remainder when 42 is divided by 9/(-45) + (-111)/(-5).
20
Let m(n) = 19*n - 11. Let w(q) = 3*q**2 - 5*q + 40. Let d be w(-13). Suppose -17*z + d = -0*z. Calculate the remainder when m(8) is divided by z.
33
Suppose 4*h - 894 = -186. Let q = h + -60. Suppose 4 = -4*a, -6*a = -3*r - 2*a + 94. What is the remainder when q is divided by r?
27
Let z(m) = -m + 2. Let n be z(0). Suppose -5*q + 25 = 5*l + 5, n*l - 5*q = 43. Calculate the remainder when l is divided by (4 - 210/55) + (-20)/(-11).
1
Let g = 10 + -8. Calculate the remainder when (-1)/(4 + 45/(-10)) is divided by g.
0
Suppose 5*x + 5*j - 3 = 2, x = -4*j - 5. Let w = x - 1. Calculate the remainder when 43/w + (-6)/4 is divided by 7.
6
Suppose 0 = 4*n - 0 - 8, 2*z = -n + 8. Suppose -d + z*b + 4 = 0, -d - 60 = 4*d + b. Let h = -9 - d. What is the remainder when 4 is divided by h?
0
Calculate the remainder when 505 is divided by (-23 - -56) + (1 - -5).
37
Suppose -15*n + 180 = 15*n. Calculate the remainder when 341 is divided by n.
5
Suppose 61*x = -59*x + 4200. Suppose 5*r + 57 - 571 = 2*y, 0 = -4*r + 3*y + 407. What is the remainder when r is divided by x?
34
Let y(j) = 4*j**2 + 2*j + 8. Let f(l) = -7*l**2 - 3*l - 15. Let h(x) = -3*f(x) - 5*y(x). Calculate the remainder when h(7) is divided by 25.
22
Let r(z) be the third derivative of z**4/8 - 7*z**3/3 - 8*z**2. Let l be r(6). What is the remainder when 38 is divided by 24*l*(-1)/(-12)?
6
Let j = -28 + 23. Calculate the remainder when 111/5 + 1/j is divided by 8.
6
Let d = 46 - 34. Let a = 194 + -101. Calculate the 